nd 798.
21
Calculate the highest common factor of 372586 and 19762.
482
Calculate the highest common factor of 474548 and 1828876.
5332
Calculate the highest common divisor of 30 and 244502365.
5
Calculate the highest common factor of 18224 and 530238.
134
Calculate the highest common divisor of 1819 and 29173122.
1819
Calculate the highest common divisor of 81277959 and 21.
21
What is the greatest common factor of 7086 and 897572991?
3543
What is the greatest common divisor of 139840 and 263189?
23
What is the greatest common divisor of 165 and 126059615?
55
What is the highest common divisor of 29678055 and 2460?
615
Calculate the highest common factor of 1227 and 208188.
3
What is the highest common divisor of 8729 and 41909?
7
What is the highest common factor of 4 and 138802652?
4
Calculate the highest common factor of 1647 and 34641717.
183
What is the greatest common factor of 7299627 and 8078?
577
Calculate the highest common divisor of 87 and 14862471.
87
What is the highest common factor of 16 and 1048688624?
16
What is the highest common factor of 710392729 and 11785?
2357
Calculate the greatest common divisor of 10220 and 30604.
28
What is the greatest common factor of 90 and 11746032?
6
Calculate the highest common divisor of 2608 and 51367657.
163
What is the highest common divisor of 66300584 and 56?
56
What is the highest common divisor of 230357152 and 9312?
3104
Calculate the highest common factor of 3958899 and 483.
21
What is the greatest common divisor of 85312 and 22403?
43
What is the highest common divisor of 61048 and 59099160?
4696
What is the greatest common factor of 134 and 76469914?
134
Calculate the highest common divisor of 280768 and 1857792.
2624
What is the greatest common divisor of 25913988 and 12?
12
Calculate the highest common divisor of 488 and 170003096.
488
Calculate the highest common divisor of 41548 and 42688802.
442
What is the greatest common factor of 18 and 8064186?
6
What is the greatest common factor of 3208701 and 1305723?
4119
Calculate the greatest common divisor of 15585157 and 3689.
217
What is the greatest common factor of 1026112 and 29632?
64
What is the greatest common divisor of 39 and 1419457?
13
What is the greatest common factor of 469 and 2316592?
67
Calculate the highest common factor of 606180780 and 405.
135
What is the greatest common factor of 106 and 12485369?
53
What is the greatest common divisor of 2143575 and 243?
9
Calculate the highest common divisor of 2486052 and 18540.
36
Calculate the highest common factor of 8309106 and 54.
18
Calculate the greatest common factor of 3760655 and 10268.
2567
Calculate the greatest common factor of 201933 and 285033.
831
What is the highest common factor of 36 and 76676121?
9
Calculate the greatest common divisor of 3928977 and 585.
117
What is the greatest common factor of 32920 and 409480?
40
What is the highest common divisor of 3511 and 1523?
1
What is the greatest common factor of 332391 and 32017?
101
Calculate the highest common factor of 1461600 and 308.
28
What is the greatest common divisor of 13464 and 59172597?
1683
What is the greatest common divisor of 11255154 and 42?
6
What is the highest common factor of 180 and 99288855?
45
Calculate the highest common factor of 7525 and 4904795.
1505
What is the greatest common factor of 75127 and 35087?
13
What is the highest common factor of 121151910 and 550?
110
Calculate the highest common factor of 4259970 and 11.
11
What is the greatest common divisor of 6855 and 99180?
15
What is the greatest common divisor of 12240 and 1743180?
1020
What is the greatest common factor of 388441592 and 1496?
88
What is the highest common divisor of 7785 and 15656327?
173
What is the greatest common divisor of 53907 and 274533?
357
Calculate the greatest common factor of 1729675 and 1525.
25
What is the greatest common factor of 998046725 and 494?
247
What is the greatest common factor of 117513296 and 64?
16
What is the greatest common divisor of 9812826 and 2318?
122
What is the highest common factor of 210542 and 159758?
1058
Calculate the highest common factor of 211540245 and 13368.
1671
Calculate the greatest common divisor of 21168 and 1530396.
252
Calculate the greatest common divisor of 4060 and 774242.
406
What is the greatest common divisor of 35 and 10235730?
5
Calculate the highest common divisor of 89550 and 1063245060.
17910
What is the highest common factor of 230044 and 534939?
289
Calculate the greatest common divisor of 1057941 and 2592.
81
Calculate the greatest common divisor of 1407 and 1631742.
21
What is the highest common factor of 119 and 199454?
1
Calculate the greatest common divisor of 138944 and 1859378.
334
What is the greatest common divisor of 9 and 1946793708?
9
Calculate the greatest common factor of 9998848 and 320.
64
Calculate the highest common factor of 366702652 and 292.
292
Calculate the highest common factor of 6461 and 272924.
71
What is the greatest common factor of 35086 and 2438?
106
Calculate the highest common factor of 2710243 and 5.
1
What is the greatest common factor of 4053 and 265965?
21
What is the greatest common divisor of 398036 and 14949?
151
Calculate the greatest common divisor of 28326870 and 369954.
7254
Calculate the greatest common divisor of 6586 and 45433521.
3293
What is the highest common factor of 5380 and 1178830?
10
Calculate the highest common divisor of 3934 and 225362.
562
What is the highest common divisor of 1428315 and 21315?
105
What is the greatest common factor of 2530568 and 296?
8
Calculate the highest common divisor of 240 and 616613232.
48
Calculate the highest common factor of 1085 and 71641465.
1085
Calculate the highest common divisor of 26305587 and 20196.
297
Calculate the highest common factor of 206431043 and 40001.
2353
What is the highest common divisor of 53 and 2571065?
1
Calculate the highest common divisor of 6240 and 5222595.
15
Calculate the highest common divisor of 350360528 and 5936.
5936
What is the highest common divisor of 550196 and 64852?
2092
Calculate the greatest common divisor of 79272 and 1810296.
216
What is the highest common divisor of 9843820 and 340?
20
What is the highest common divisor of 66008279 and 7165?
1433
Calculate the highest common divisor of 261 and 12339993.
87
What is the greatest common divisor of 102318952 and 132848?
2888
Calculate the highest common factor of 13990 and 24738517.
1399
Calculate the greatest common factor of 353639936 and 488.
488
Calculate the greatest common factor of 31 and 456953702.
31
Calculate the greatest common divisor of 28595366 and 50598.
1874
What is the highest common divisor of 11074 and 97706?
98
What is the highest common factor of 14249214 and 420?
42
Calculate the highest common divisor of 72 and 3317169.
3
Calculate the highest common divisor of 134976 and 1919424.
192
Calculate the greatest common divisor of 193062776 and 8.
8
Calculate the greatest common factor of 482125 and 378525.
175
Calculate the highest common divisor of 35 and 20567806.
7
What is the greatest common divisor of 84944 and 5200?
16
What is the greatest common factor of 14197 and 223?
1
What is the highest common factor of 7720203 and 14605?
2921
Calculate the greatest common divisor of 28 and 18353482.
14
What is the greatest common divisor of 14273396 and 4?
4
What is the highest common factor of 16508973 and 52?
13
Calculate the greatest common divisor of 22500 and 1982700.
900
What is the highest common factor of 11408 and 6135112?
184
What is the greatest common divisor of 4117788 and 144?
36
Calculate the greatest common factor of 18 and 7830048.
6
Calculate the greatest common factor of 291785 and 320060.
65
Calculate the greatest common factor of 7704044 and 9712.
2428
What is the highest common divisor of 61936 and 18988914?
1106
Calculate the greatest common factor of 22 and 1055978.
22
Calculate the greatest common factor of 36741622 and 151.
151
What is the highest common factor of 1040796 and 29026?
46
What is the highest common divisor of 595 and 33364030?
595
What is the greatest common divisor of 27066182 and 909?
101
Calculate the highest common factor of 1297073378 and 2074.
2074
What is the greatest common factor of 164 and 50